{"id":79,"date":"2014-08-30T00:26:49","date_gmt":"2014-08-29T23:26:49","guid":{"rendered":"http:\/\/palabressansfrontieres.fr\/?page_id=79"},"modified":"2019-10-22T19:59:21","modified_gmt":"2019-10-22T18:59:21","slug":"nos-animations","status":"publish","type":"page","link":"https:\/\/www.palabressansfrontieres.fr\/web\/nos-animations\/","title":{"rendered":"Nos animations"},"content":{"rendered":"<h3>Les soir\u00e9es s\u00e9n\u00e9galaises solidaires<\/h3>\n<p style=\"text-align: justify;\">L\u2019association organise des soir\u00e9es \u00e0 la commande sur le th\u00e8me de la solidarit\u00e9 avec repas traditionnel du S\u00e9n\u00e9gal, et une animation r\u00e9cr\u00e9ative\u00a0 (conte africain, animation musicale, d\u00e9file d\u2019habits traditionnels , \u2026.) expo d\u2019objets d\u2019art ou usuels\u2026<\/p>\n<p style=\"text-align: justify;\">Un atelier cuisine peut \u00eatre ouvert \u00e0 cette occasion<\/p>\n<p style=\"text-align: justify;\">Les b\u00e9n\u00e9fices sont reverses en appui \u00e0 des projets locaux chez nos partenaires du S\u00e9n\u00e9gal<\/p>\n<p><img loading=\"lazy\" decoding=\"async\" title=\"S\u00e9jours solidaires et \u00e9quitables au S\u00e9n\u00e9gal - Palabres sans Fronti\u00e8res\" src=\"\/images\/stories\/img_0625.jpg\" alt=\"S\u00e9jours solidaires et \u00e9quitables au S\u00e9n\u00e9gal - Palabres sans Fronti\u00e8res\" width=\"192\" height=\"145\" border=\"0\" \/> <img loading=\"lazy\" decoding=\"async\" title=\"S\u00e9jours solidaires et \u00e9quitables au S\u00e9n\u00e9gal - Palabres sans Fronti\u00e8res\" src=\"\/images\/stories\/img_0627.jpg\" alt=\"S\u00e9jours solidaires et \u00e9quitables au S\u00e9n\u00e9gal - Palabres sans Fronti\u00e8res\" width=\"193\" height=\"145\" border=\"0\" \/> <img loading=\"lazy\" decoding=\"async\" title=\"S\u00e9jours solidaires et \u00e9quitables au S\u00e9n\u00e9gal - Palabres sans Fronti\u00e8res\" src=\"\/images\/stories\/lhistoire du serpent qui se mord la queue ti conn.jpg\" alt=\"S\u00e9jours solidaires et \u00e9quitables au S\u00e9n\u00e9gal - Palabres sans Fronti\u00e8res\" width=\"195\" height=\"146\" border=\"0\" \/><\/p>\n<h3>Les actions de sensibilisation<\/h3>\n<p style=\"text-align: justify;\">Nous vous proposons d&rsquo;intervenir dans votre structure (entreprises, \u00e9coles, universit\u00e9s, associations, etc.) afin de pr\u00e9senter des conf\u00e9rences sur diff\u00e9rents th\u00e8mes en journ\u00e9e ou en soir\u00e9e: la rencontre interculturelle, le tourisme solidaire, les projets de d\u00e9veloppement durable en Afrique, etc.<\/p>\n<p style=\"text-align: justify;\">Nos supports sont constitu\u00e9s de vid\u00e9os, expositions photos, pr\u00e9sentations powerpoint. Il est \u00e9galement possible d&rsquo;organiser des ap\u00e9ros-d\u00e9gustations.<\/p>\n<p style=\"text-align: justify;\"><span style=\"text-decoration: underline;\">Pour les comit\u00e9s d&rsquo;entreprise<\/span>:<\/p>\n<p style=\"text-align: justify;\">Ce type d&rsquo;intervention peut vous permettre de mieux cerner les souhaits de vos salari\u00e9s avant de vous engager sur une destination. Connaissent-ils le tourisme solidaire? Seraient-ils int\u00e9ress\u00e9s par ce type de s\u00e9jour? Si oui, sous quelles conditions? Quelles sont les questions qu&rsquo;ils se posent \u00e0 ce sujet?<\/p>\n<p><img loading=\"lazy\" decoding=\"async\" class=\"\" title=\"S\u00e9jours solidaires et \u00e9quitables au S\u00e9n\u00e9gal - Palabres sans Fronti\u00e8res\" src=\"\/images\/stories\/runion ce onera - diapos.jpg\" alt=\"S\u00e9jours solidaires et \u00e9quitables au S\u00e9n\u00e9gal - Palabres sans Fronti\u00e8res\" width=\"193\" height=\"144\" border=\"0\" \/> <img loading=\"lazy\" decoding=\"async\" title=\"S\u00e9jours solidaires et \u00e9quitables au S\u00e9n\u00e9gal - Palabres sans Fronti\u00e8res\" src=\"\/images\/stories\/ce onera - apro solidaire.jpg\" alt=\"S\u00e9jours solidaires et \u00e9quitables au S\u00e9n\u00e9gal - Palabres sans Fronti\u00e8res\" width=\"199\" height=\"146\" border=\"0\" \/> <img loading=\"lazy\" decoding=\"async\" title=\"S\u00e9jours solidaires et \u00e9quitables au S\u00e9n\u00e9gal - Palabres sans Fronti\u00e8res\" src=\"\/images\/stories\/fte 2 mai 2009 008.jpg\" alt=\"S\u00e9jours solidaires et \u00e9quitables au S\u00e9n\u00e9gal - Palabres sans Fronti\u00e8res\" width=\"199\" height=\"148\" border=\"0\" \/><\/p>\n<h3 style=\"text-align: justify;\">Une exposition: le jeu et l&rsquo;enfant africain<\/h3>\n<p class=\"alignleft\"><img loading=\"lazy\" decoding=\"async\" title=\"S\u00e9jours solidaires et \u00e9quitables au S\u00e9n\u00e9gal - Palabres sans Fronti\u00e8res\" src=\"\/images\/stories\/la crativit de lenfant africain.jpg\" alt=\"S\u00e9jours solidaires et \u00e9quitables au S\u00e9n\u00e9gal - Palabres sans Fronti\u00e8res\" width=\"177\" height=\"267\" border=\"0\" \/><\/p>\n<p style=\"text-align: justify;\">Nous proposons \u00e0 la location une exposition sur la cr\u00e9ativit\u00e9 de l&rsquo;enfant africain. Cette exposition comprend:<\/p>\n<ul style=\"text-align: justify;\">\n<li>une cinquantaine de vrais jouets r\u00e9alis\u00e9s par des enfants du S\u00e9n\u00e9gal, du Burkina Faso et du Mali, a partir de mat\u00e9riel de r\u00e9cup\u00e9ration (fil de fer, pneus, boites de conserves&#8230;)<\/li>\n<li>21 panneaux (30 sur 40 cm) pr\u00e9sentant des jouets ainsi que la journ\u00e9e de Noaga, petite fille au village, dont la vie est rythm\u00e9e par les travaux des champs, par l&rsquo;\u00e9cole, les jeux&#8230;<\/li>\n<li>10 livrets de pr\u00e9sentation de l&rsquo;exposition reprenant les panneaux et les jouets principaux<\/li>\n<li>un livret p\u00e9dagogique a destination des enseignants ou des animateurs.<\/li>\n<\/ul>\n<p style=\"text-align: justify;\">Boubacar N&rsquo;Diaye propose \u00e9galement une intervention sp\u00e9cifique li\u00e9e a l&rsquo;exposition. Autour de contes africains, il la valorisera et la rendra encore plus captivante pour le jeune public.<\/p>\n<h3>Musique et Contes<\/h3>\n<p style=\"text-align: justify;\"><strong>Boubacar Ndiaye et l&rsquo;art de la parole: \u00ab\u00a0entre le S\u00e9n\u00e9gal et la France, entre hier et aujourd&rsquo;hui\u00a0\u00bb.<\/strong><\/p>\n<p style=\"text-align: justify;\">Boubacar Ndiaye a grandi au S\u00e9n\u00e9gal. Immerg\u00e9 dans l&rsquo;univers du conte, du chant et de la po\u00e9sie depuis son plus jeune \u00e2ge, il est un digne h\u00e9ritier de ses a\u00efeux, de la m\u00e9moire de son peuple et de l&rsquo;art de la parole.<\/p>\n<p style=\"text-align: justify;\">Au coeur de chaque spectacle, Boubacar aborde une th\u00e9matique g\u00e9n\u00e9rale qu&rsquo;il d\u00e9cline sous diverses formes artistiques, o\u00f9 une part belle est donn\u00e9e aux improvisations, fruits de l&rsquo;interactivit\u00e9 et de l&rsquo;inspiration des \u00e9nergies du public. Ainsi, chaque spectacle devient un moment unique qui soude le conteur et son public.<\/p>\n<p style=\"text-align: justify;\"><span style=\"text-decoration: underline;\">Th\u00e8mes des pr\u00e9c\u00e9dents spectacles<\/span>:<\/p>\n<ul style=\"text-align: justify;\">\n<li>la vie quotidienne, la vie et la flore dans \u00ab\u00a0De bouches \u00e0 oreilles\u00a0\u00bb (2003),<\/li>\n<li>La morale ou la religion dans \u00ab\u00a0Parole d\u00e9tourn\u00e9e\u00a0\u00bb (2005),<\/li>\n<li>Le souvenir dans \u00ab\u00a0Fataliku tuti\u00a0\u00bb (2005),<\/li>\n<li>La magie et les myst\u00e8res de la vie et dans la mort dans \u00ab\u00a0Les morts ne sont pas morts\u00a0\u00bb (2006),<\/li>\n<li>La paix dans \u00ab\u00a0Kiin Kan L\u00e0?\u00a0\u00bb (2006),<\/li>\n<li style=\"text-align: justify;\">La vie et la rencontre dans \u00ab\u00a0L&rsquo;arbre m\u00e9moire\u00a0\u00bb (2008).<\/li>\n<\/ul>\n<p><span style=\"text-decoration: underline;\">Pour contacter Boubacar<\/span>: 05.63.94.00.24 ou 06.20.74.40.54<\/p>\n","protected":false},"excerpt":{"rendered":"<p>Les soir\u00e9es s\u00e9n\u00e9galaises solidaires L\u2019association organise des soir\u00e9es \u00e0 la commande sur le th\u00e8me de la solidarit\u00e9 avec repas traditionnel du S\u00e9n\u00e9gal, et une animation r\u00e9cr\u00e9ative\u00a0 (conte africain, animation musicale, d\u00e9file d\u2019habits traditionnels , \u2026.) expo d\u2019objets d\u2019art ou usuels\u2026&hellip; <\/p>\n","protected":false},"author":1,"featured_media":0,"parent":0,"menu_order":0,"comment_status":"closed","ping_status":"open","template":"","meta":{"footnotes":""},"class_list":["post-79","page","type-page","status-publish","hentry"],"_links":{"self":[{"href":"https:\/\/www.palabressansfrontieres.fr\/web\/wp-json\/wp\/v2\/pages\/79","targetHints":{"allow":["GET"]}}],"collection":[{"href":"https:\/\/www.palabressansfrontieres.fr\/web\/wp-json\/wp\/v2\/pages"}],"about":[{"href":"https:\/\/www.palabressansfrontieres.fr\/web\/wp-json\/wp\/v2\/types\/page"}],"author":[{"embeddable":true,"href":"https:\/\/www.palabressansfrontieres.fr\/web\/wp-json\/wp\/v2\/users\/1"}],"replies":[{"embeddable":true,"href":"https:\/\/www.palabressansfrontieres.fr\/web\/wp-json\/wp\/v2\/comments?post=79"}],"version-history":[{"count":6,"href":"https:\/\/www.palabressansfrontieres.fr\/web\/wp-json\/wp\/v2\/pages\/79\/revisions"}],"predecessor-version":[{"id":678,"href":"https:\/\/www.palabressansfrontieres.fr\/web\/wp-json\/wp\/v2\/pages\/79\/revisions\/678"}],"wp:attachment":[{"href":"https:\/\/www.palabressansfrontieres.fr\/web\/wp-json\/wp\/v2\/media?parent=79"}],"curies":[{"name":"wp","href":"https:\/\/api.w.org\/{rel}","templated":true}]}}